the remainder when 7630 is divided by 3799?
32
What is the remainder when 4726 is divided by 311?
61
What is the remainder when 78220 is divided by 47?
12
What is the remainder when 1238 is divided by 304?
22
Calculate the remainder when 20800 is divided by 2968.
24
Calculate the remainder when 953 is divided by 799.
154
What is the remainder when 182541 is divided by 14?
9
Calculate the remainder when 6086 is divided by 98.
10
Calculate the remainder when 1252 is divided by 1129.
123
Calculate the remainder when 5922 is divided by 1119.
327
Calculate the remainder when 248 is divided by 236.
12
Calculate the remainder when 111220 is divided by 3369.
43
Calculate the remainder when 29176 is divided by 947.
766
Calculate the remainder when 504946 is divided by 88.
2
Calculate the remainder when 1359 is divided by 57.
48
What is the remainder when 9456 is divided by 193?
192
Calculate the remainder when 56794 is divided by 800.
794
Calculate the remainder when 117777 is divided by 4.
1
What is the remainder when 262041 is divided by 251?
248
What is the remainder when 7666 is divided by 19?
9
Calculate the remainder when 6941 is divided by 295.
156
Calculate the remainder when 4967 is divided by 32.
7
Calculate the remainder when 5572 is divided by 407.
281
Calculate the remainder when 33784 is divided by 2598.
10
What is the remainder when 249684 is divided by 118?
114
What is the remainder when 19128 is divided by 169?
31
Calculate the remainder when 19418 is divided by 6407.
197
Calculate the remainder when 149262 is divided by 74606.
50
Calculate the remainder when 5757 is divided by 920.
237
Calculate the remainder when 3695 is divided by 11.
10
What is the remainder when 10100 is divided by 10090?
10
Calculate the remainder when 1208 is divided by 681.
527
Calculate the remainder when 122776 is divided by 5846.
10
Calculate the remainder when 84203 is divided by 80.
43
What is the remainder when 9002 is divided by 257?
7
Calculate the remainder when 2989057 is divided by 43.
41
Calculate the remainder when 3663019 is divided by 51.
46
Calculate the remainder when 654 is divided by 171.
141
Calculate the remainder when 74644 is divided by 14.
10
Calculate the remainder when 24052 is divided by 2975.
252
Calculate the remainder when 152386 is divided by 237.
232
Calculate the remainder when 1874 is divided by 922.
30
What is the remainder when 437 is divided by 294?
143
Calculate the remainder when 8459 is divided by 8425.
34
What is the remainder when 1774 is divided by 1387?
387
What is the remainder when 11781 is divided by 527?
187
What is the remainder when 114515 is divided by 4402?
63
Calculate the remainder when 12084 is divided by 382.
242
What is the remainder when 153 is divided by 40?
33
What is the remainder when 4906 is divided by 2444?
18
What is the remainder when 12604 is divided by 159?
43
Calculate the remainder when 1876 is divided by 84.
28
Calculate the remainder when 3651 is divided by 1114.
309
What is the remainder when 19548 is divided by 316?
272
Calculate the remainder when 261 is divided by 133.
128
What is the remainder when 72886 is divided by 21?
16
What is the remainder when 456226 is divided by 92?
90
Calculate the remainder when 694518 is divided by 71.
67
What is the remainder when 4974 is divided by 72?
6
Calculate the remainder when 9582 is divided by 2392.
14
Calculate the remainder when 20035 is divided by 62.
9
What is the remainder when 19854 is divided by 146?
144
What is the remainder when 84208 is divided by 28060?
28
What is the remainder when 373091 is divided by 15?
11
What is the remainder when 52206 is divided by 316?
66
What is the remainder when 20911 is divided by 101?
4
What is the remainder when 3757 is divided by 1222?
91
What is the remainder when 247572 is divided by 35366?
10
Calculate the remainder when 144279 is divided by 633.
588
What is the remainder when 2168 is divided by 109?
97
What is the remainder when 23607 is divided by 11283?
1041
What is the remainder when 29922 is divided by 2486?
90
Calculate the remainder when 3032 is divided by 231.
29
Calculate the remainder when 17985 is divided by 2291.
1948
Calculate the remainder when 222420 is divided by 1513.
9
Calculate the remainder when 189305 is divided by 12620.
5
What is the remainder when 336130 is divided by 121?
113
What is the remainder when 535063 is divided by 64?
23
What is the remainder when 14681 is divided by 9?
2
What is the remainder when 2665 is divided by 321?
97
Calculate the remainder when 33935 is divided by 55.
0
What is the remainder when 8397 is divided by 457?
171
What is the remainder when 3447 is divided by 861?
3
What is the remainder when 9498 is divided by 22?
16
What is the remainder when 2246 is divided by 336?
230
Calculate the remainder when 4109 is divided by 2009.
91
What is the remainder when 2542 is divided by 550?
342
What is the remainder when 18224 is divided by 303?
44
What is the remainder when 3822 is divided by 17?
14
What is the remainder when 5210 is divided by 469?
51
What is the remainder when 4309 is divided by 1945?
419
What is the remainder when 92959 is divided by 35?
34
Calculate the remainder when 124103 is divided by 9546.
5
What is the remainder when 18282 is divided by 25?
7
Calculate the remainder when 64391 is divided by 243.
239
What is the remainder when 1200470 is divided by 129?
125
What is the remainder when 85602 is divided by 1112?
1090
What is the remainder when 9414 is divided by 1561?
48
What is the remainder when 32280 is divided by 5380?
0
What is the remainder when 1921 is divided by 127?
16
What is the remainder when 302 is divided by 193?
109
What is the remainder when 21223 is divided by 849?
847
What is the remainder when 34334 is divided by 165?
14
Calculate the remainder when 8698 is divided by 2862.
112
What is the remainder when 281586 is divided by 36?
30
What is the remainder when 9542 is divided by 17?
5
What is the remainder when 8094 is divided by 1583?
179
What is the remainder when 176825 is divided by 4210?
5
Calculate the remainder when 11989 is divided by 3954.
127
Calculate the remainder when 10732 is divided by 412.
20
Calculate the remainder when 43244 is divided by 8647.
9
What is the remainder when 264458 is divided by 10?
8
Calculate the remainder when 33061 is divided by 623.
42
Calculate the remainder when 8379 is divided by 924.
63
Calculate the remainder when 56699 is divided by 126.
125
What is the remainder when 1878761 is divided by 105?
101
Calculate the remainder when 18122 is divided by 114.
110
What is the remainder when 13772 is divided by 156?
44
Calculate the remainder when 218524 is divided by 5750.
24
What is the remainder when 2624 is divided by 2481?
143
What is the remainder when 204 is divided by 161?
43
Calculate the remainder when 431870 is divided by 25.
20
Calculate the remainder when 66722 is divided by 69.
68
Calculate the remainder when 12984839 is divided by 11.
10
What is the remainder when 9983 is divided by 196?
183
What is the remainder when 2903 is divided by 896?
215
Calculate the remainder when 95518 is divided by 199.
197
Calculate the remainder when 335791 is divided by 146.
137
What is the remainder when 15646 is divided by 181?
80
Calculate the remainder when 139366 is divided by 3029.
32
What is the remainder when 921 is divided by 158?
131
Calculate the remainder when 128223 is divided by 342.
315
What is the remainder when 790 is divided by 387?
16
What is the remainder when 1972 is divided by 1526?
446
What is the remainder when 9972 is divided by 107?
21
Calculate the remainder when 86912 is divided by 23.
18
What is the remainder when 7511207 is divided by 81?
77
Calculate the remainder when 17766 is divided by 7.
0
What is the remainder when 1323 is divided by 330?
3
What is the remainder when 22204 is divided by 302?
158
Calculate the remainder when 7474 is divided by 25.
24
Calculate the remainder when 795 is divided by 551.
244
What is the remainder when 1579 is divided by 37?
25
Calculate the remainder when 82073 is divided by 82064.
9
What is the remainder when 1139604 is divided by 284899?
8
What is the remainder when 15911 is divided by 3836?
567
What is the remainder wh